he remainder when i(4) is divided by z?
11
Let o(h) = h**3 + 3*h**2 - 3*h + 7. What is the remainder when o(-3) is divided by 6?
4
Let b = 93 - 60. Let a = b + -14. Calculate the remainder when 56 is divided by a.
18
Let k = -44 + 150. What is the remainder when k is divided by 36?
34
Let u = 3 + -3. Suppose u*v + 8 = 4*v. Calculate the remainder when -1 + 8*6 + v is divided by 17.
15
Suppose 0 = -4*o + 3 + 9. Suppose 6*v - 2*v - 3*k = 15, 4 = o*v + 5*k. What is the remainder when 6 + 6/9*v is divided by 5?
3
Let l(w) = w**3 - 5*w**2 - 5*w. What is the remainder when 8 is divided by l(6)?
2
Suppose 5*j = 1039 - 239. Suppose -30 = 5*i - j. Let p(l) = l**3 - 30*l**2 + 30*l - 20. What is the remainder when i is divided by p(29)?
8
Let d = -83 - -133. Suppose -4*y - 2*i + 2 = -96, 0 = -y - 4*i + 14. What is the remainder when d is divided by y?
24
Suppose -9 = -4*p + 15. Let f = p + -1. Suppose 20 = -f*z, 2*k + 4*z = 2*z + 114. Calculate the remainder when k is divided by 21.
19
Let b = 38 - -5. Suppose -b = -3*p + 5. What is the remainder when p is divided by 9?
7
Suppose 3*d - 48 = -4*g, -2*g = -d - 1 - 23. Calculate the remainder when 94 is divided by g.
10
What is the remainder when 0/(9 - 5) - -58 is divided by 12?
10
Let j = 25 + 3. What is the remainder when 54 is divided by j?
26
What is the remainder when 54 is divided by 54/4 + (-4)/(-8)?
12
Suppose 5*z - 22 = -y + 22, -3*y - 28 = -5*z. Let i = 11 - z. Calculate the remainder when 5 is divided by i.
2
Let w = -58 - -114. Suppose 157 - 60 = 5*s + 2*v, 3*s = v + w. What is the remainder when s is divided by 11?
8
Calculate the remainder when 22 is divided by -6*(0/(-4) - 1).
4
Suppose 3*g - 7*g + 84 = 0. Calculate the remainder when g is divided by 11.
10
Suppose 2*u + 0*u + 12 = 0. Let z = u - -14. What is the remainder when z is divided by 3?
2
Let o(n) = 16*n**2. Calculate the remainder when 31 is divided by o(1).
15
Let a(b) = 0*b**2 - 3*b - 13 + 10 + b**2. What is the remainder when 58 is divided by a(-3)?
13
Suppose 7*t - 501 = 465. Calculate the remainder when t is divided by 35.
33
Suppose 2*s + 5*u + 25 - 134 = 0, 0 = -3*u + 9. What is the remainder when s is divided by 2/(4/2)*16?
15
Let i(u) = -u**3 + 4*u**2 + u + 3. Let j be i(5). Let y = -3 - j. Calculate the remainder when (-1 + y/6)*3 is divided by 2.
0
Suppose -5*v = 5, 0 = -5*f + 2*v + 320 + 597. What is the remainder when f is divided by 62?
59
Suppose 2*g - g + v = 1, -2*v = 3*g - 2. Let x(l) = 3*l + 25. What is the remainder when 97 is divided by x(g)?
22
Let o = 34 + -5. Let y = -1 + o. Let z = y - 17. Calculate the remainder when 21 is divided by z.
10
Let n = 100 - 91. What is the remainder when 23 is divided by n?
5
Let f be ((-6)/(-9))/((-4)/(-6)). Let k = 27 - f. Calculate the remainder when k is divided by 7.
5
Let l(a) be the first derivative of -a**4/4 + 4*a**3 + 6*a + 5. Calculate the remainder when 11 is divided by l(12).
5
Let b = 0 - 1. Calculate the remainder when (1 - b)*(8 + -7) is divided by 1.
0
Suppose 3*j + 2 + 10 = 0, 5*o - 2*j - 48 = 0. Suppose 0 = -4*s + o. What is the remainder when 41 is divided by (-3 - -2) + 30/s?
13
Suppose 0 = 5*o - 3 - 22. Let h be (-2 - 0) + 1 + -9. What is the remainder when (-4)/10 - 134/h is divided by o?
3
Calculate the remainder when (-4)/16 + 1359/12 is divided by 29.
26
Suppose 1 = -3*r + 10. Suppose -n + 463 = r*s, 5*s + 4*n - 781 = -0*n. Suppose -30 = 3*j - s. Calculate the remainder when j is divided by 14.
13
Let g(r) = r**2 + 10*r + 11. Let m be g(-9). What is the remainder when 18 is divided by 6/m + -2 - -6?
4
Suppose 313 = 9*i - 560. Calculate the remainder when i is divided by 25.
22
Let t = -21 - -45. What is the remainder when 70 is divided by t?
22
Suppose -3*u + 2*z = -7, 0 = 4*u + 3*z + 1 + 1. Suppose -2*c - u + 9 = 0. Calculate the remainder when (11*-1)/(3/(-3)) is divided by c.
3
Let d = 28 - 19. Calculate the remainder when 26 is divided by d.
8
Let z(f) = -f**3 + 8*f**2 - 5*f + 1. Let v = -21 + 28. What is the remainder when 27 is divided by z(v)?
12
Let q be -1 + -1 + (-2 - -77). Suppose -2*v - q = 5*j - 9, -2*j + 5*v - 14 = 0. Let k = j + 32. Calculate the remainder when k is divided by 7.
6
Let c(l) = -l**2 + 4*l. Let z be c(4). Suppose 3*b = -z*b + 57. Calculate the remainder when 56 is divided by b.
18
Calculate the remainder when 2/(-7) - (-1043)/49 is divided by 8.
5
Let j = 28 - -4. Let t(k) = 2*k**2 - 3*k - 3. What is the remainder when j is divided by t(-2)?
10
Let m(g) = 9*g - 4. Calculate the remainder when m(7) is divided by 20.
19
Let m = 1 - 0. Let w(z) = 32*z**3 - z**2 + z - 1. Calculate the remainder when 91 is divided by w(m).
29
Let i(w) = w**2 + 2*w - 2. Calculate the remainder when (-140)/(-6) + (-14)/(-21) is divided by i(3).
11
Suppose 0 = -m + 4*j + 53, m + m - 2*j = 76. Calculate the remainder when m is divided by 12.
9
Let t be (-8)/(-12) + 2/(-3). Let g = 2 + t. Suppose 2*j = 4*k + 20, -5*k + g*k = -j + 10. What is the remainder when j is divided by 6?
4
Suppose -m + 10 = 5*a, -4*m - 3*a - 2*a + 100 = 0. Calculate the remainder when 58 is divided by m.
28
Let c(o) = 2*o**3 + 17*o**2 + 3*o - 7. Let p be -11 + (-1)/(-1) + 1. Let h = 26 + p. What is the remainder when c(-8) is divided by h?
16
Let h be 2 + 3 + (-2 - 0). Suppose 55 + 53 = h*s. Let j(z) = -z**3 + 6*z**2 - 2*z + 4. Calculate the remainder when s is divided by j(5).
17
Let f(b) = 2*b + 1. Let a = -3 - -5. Let z(i) = 2*i**2 + 2*i. Let u be z(a). What is the remainder when f(u) is divided by 9?
7
Let j = 16 - 11. Suppose -j*g = -k - 12, 2*g = -5*k + 4*g + 32. Let u(z) = -13*z - 3. What is the remainder when u(-2) is divided by k?
7
Suppose 0 = w + 4*w. What is the remainder when 1/(w + (-2)/(-10)) is divided by 3?
2
Let u(g) = g**3 + 16*g**2 - 17*g + 8. What is the remainder when 44 is divided by u(-17)?
4
Let t(q) = 9*q - 26. Let h(r) = -3*r + 9. Let l(v) = 8*h(v) + 3*t(v). What is the remainder when 17 is divided by l(5)?
8
Let y = -104 - -199. Let b = y - 58. Let r(t) = t**3 + 7*t**2 + 6*t - 7. Calculate the remainder when b is divided by r(-5).
11
Suppose 72 = 5*z + w, 4*z + 5*w - 5 = 61. Let t(c) = 6*c + 179. Calculate the remainder when z is divided by t(-29).
4
Let u be (-6)/8 + 12/16. Suppose -15 = -2*k - l, k = 2*l - u*l. Calculate the remainder when (0 + 3)/(k/52) is divided by 9.
8
What is the remainder when 10 is divided by 0/(2 + -1) - -3?
1
What is the remainder when 160 is divided by ((-33)/(-55) - (-36)/(-10))*-18?
52
Let m(j) = 4*j**3 - 24*j**2 + 4*j + 7. What is the remainder when 90 is divided by m(6)?
28
Let s(j) = -j**3 - 12*j**2 + 11*j - 10. What is the remainder when s(-13) is divided by 9?
7
Let h(i) = 2*i + 7. Let g be h(-5). Let k = g - -8. Calculate the remainder when 11 - (0 + 1 + 1) is divided by k.
4
Let s be (-18)/(-12)*34/3. What is the remainder when 50 is divided by s/((-3)/6*-2)?
16
Let x be -3*1*(-8)/12. Suppose 0 = x*p - 5*p + 15. Let h(a) = -a**2 + 6*a + 7. Calculate the remainder when h(p) is divided by 5.
2
Let d(a) = -10*a + 3. Let j be d(3). Let q be (-47)/(-9) - (-6)/j. Suppose 9 = 3*c - q*w, 3*c + w - 28 = -1. Calculate the remainder when 15 is divided by c.
7
Let n(t) = -5*t + 2*t**2 + 2*t - t - 1 + 5*t. What is the remainder when 25 is divided by n(-3)?
11
Let z(a) = -3*a**3 - 8*a**2 - 4*a - 2. What is the remainder when 34 - (-3 - (1 - 3)) is divided by z(-3)?
16
Let j = -10 + 12. Calculate the remainder when (-3 - -1)*2*-1 is divided by j.
0
Suppose 4*k - 123 = 17. Let q(f) = f**3 + 11*f**2 + 18*f + 12. Calculate the remainder when k is divided by q(-9).
11
Let g(h) = -2*h - 4. Suppose f = s + 2*s, 0 = -f + s - 4. Calculate the remainder when 22 is divided by g(f).
6
Suppose a = 4*y - 8, -2*a + 0*a + 5*y - 4 = 0. What is the remainder when a is divided by (2 + -4)/(2/(-3))?
2
Suppose -4*k = 4*f - 200, -6*f + 5*k = -2*f - 182. Calculate the remainder when 187 is divided by f.
43
Suppose 3*g - 71 = 37. Suppose q + 6 = -3*r, -2*q + 4 = -0*r - 2*r. Suppose -5*d + 29 + 66 = q. What is the remainder when g is divided by d?
17
Let a = -4 + 7. Suppose 0 = a*l - 2*t - 55, 3*l + 2*l + 5*t = 50. What is the remainder when 42 is divided by l?
12
Calculate the remainder when ((-4)/2)/((-9)/(495/10)) is divided by (6/8 + 0)*